41. Calculate d(-8).
-71
Let w(u) = -21*u**2 + 149*u - 7. Give w(7).
7
Let u(j) = 40*j + 921. Give u(-22).
41
Let z(s) = -969*s + 3885. Determine z(4).
9
Let z(p) = p**3 - 24*p**2 + 71*p + 23. Determine z(20).
-157
Let n(o) = -o**2 + 9*o + 373. Give n(-16).
-27
Let p(h) = h**2 + 34*h - 373. Give p(-44).
67
Let k(z) = -z**3 - 75*z**2 - 348*z + 16. Give k(-5).
6
Let s(t) = -147*t - 2636. Give s(-18).
10
Let g(r) = 15855*r + 95163. What is g(-6)?
33
Let x(a) = a**3 - 8*a**2 + 61*a - 608. Determine x(9).
22
Let t(o) = 51*o + 119. Give t(-3).
-34
Let c(j) = -327*j + 3862. Determine c(12).
-62
Let u(m) = -5*m + 131. Give u(25).
6
Let c(h) = -h**3 - 14*h**2 - 48*h - 12. What is c(-6)?
-12
Let x(g) = g**3 + 174*g**2 + 2671*g + 295. What is x(-157)?
-19
Let a(z) = -z**3 - 107*z**2 + 5142*z - 846. Calculate a(-143).
12
Let o(n) = 517*n - 47052. Determine o(91).
-5
Let k(y) = y**3 - 7*y**2 - 4*y + 14. Give k(7).
-14
Let z(c) = c**3 - c**2 + 6*c + 4. Determine z(4).
76
Let g(k) = k**3 - 3*k**2 + k - 18. Calculate g(4).
2
Let f(n) = 2638*n + 29029. Determine f(-11).
11
Let p(t) = -594*t + 4209. What is p(7)?
51
Let f(v) = -29*v + 1915. What is f(62)?
117
Let v(i) = i**3 - i**2 + 3*i - 7. Determine v(2).
3
Let q(n) = 111*n**2 - 782*n + 12. Calculate q(7).
-23
Let s(i) = i**3 + 19*i**2 + 64*i + 57. What is s(-9)?
291
Let m(p) = 38*p**2 + 298*p - 37. Give m(-8).
11
Let b(m) = 747*m - 873. Calculate b(1).
-126
Let o(r) = -r**3 + 4*r**2 - 11*r + 24. Calculate o(3).
0
Let j(l) = 4*l**3 - 7*l**2 + 38*l - 32. What is j(1)?
3
Let s(r) = 347*r + 120753. Give s(-348).
-3
Let p(b) = -b**3 + 18*b**2 + 30*b - 160. Give p(19).
49
Let r(m) = -3*m**2 - 14*m + 2403. What is r(26)?
11
Let w(c) = -c**2 - 795*c + 9682. Determine w(12).
-2
Let y(d) = -43*d - 1159. What is y(-27)?
2
Let d(o) = -o**3 + 6*o**2 + 12*o - 42. Determine d(5).
43
Let z(t) = t**2 + 502*t + 9180. Determine z(-19).
3
Let v(a) = -a**3 + 22*a**2 + 4*a - 48. Determine v(22).
40
Let z(f) = 189*f**2 + 1128*f - 4. Calculate z(-6).
32
Let q(l) = l**3 + 15*l**2 + 30*l - 26. What is q(-9)?
190
Let o(x) = -54*x**2 + 1082*x - 35. What is o(20)?
5
Let h(n) = -n**3 + 40*n**2 - 35*n - 172. Calculate h(39).
-16
Let n(y) = y**2 + 53*y - 10. What is n(-3)?
-160
Let p(x) = 207*x + 423. Determine p(-2).
9
Let i(q) = 155*q + 1237. Determine i(-8).
-3
Let m(i) = 565*i - 24822. Give m(44).
38
Let l(w) = -2*w**2 + 154*w - 418. Give l(74).
26
Let t(z) = -2*z**3 + 85*z**2 + 43*z - 54. Calculate t(43).
-54
Let z(k) = -k**3 - 24*k**2 + 49*k + 610. Calculate z(-25).
10
Let x(f) = 148*f + 728. Determine x(-5).
-12
Let f(z) = -6*z - 487. Give f(9).
-541
Let o(r) = r**3 + 9*r**2 + 8*r + 17. Calculate o(-8).
17
Let y(q) = -2*q**2 + 59*q - 110. Give y(28).
-26
Let d(y) = 13*y**2 - 21*y - 20. What is d(3)?
34
Let d(z) = 13*z - 374. Calculate d(50).
276
Let v(a) = 27*a + 59. Determine v(-4).
-49
Let h(z) = 2*z**3 + 50*z**2 - 47*z + 112. Calculate h(-26).
-18
Let q(o) = 51*o**3 - 15*o**2 + 2*o - 4. What is q(2)?
348
Let o(r) = 2739*r + 10984. Calculate o(-4).
28
Let w(x) = 929*x + 8368. Give w(-9).
7
Let d(t) = 2*t**2 + 867*t - 1710. What is d(2)?
32
Let b(r) = r**3 + 35*r**2 - 33*r + 101. Calculate b(-36).
-7
Let y(n) = n**3 + 13*n**2 + 14*n + 18. Calculate y(-13).
-164
Let z(g) = g**2 - 731*g - 5915. Calculate z(-8).
-3
Let r(x) = x**3 - x**2 + x - 162. Calculate r(0).
-162
Let n(c) = -138*c + 988. Determine n(8).
-116
Let j(x) = -x**3 - 14*x**2 - 109*x - 1153. Determine j(-13).
95
Let x(y) = y**3 - 4*y**2 - 21*y + 5. What is x(-4)?
-39
Let n(m) = 1571*m - 26715. Calculate n(17).
-8
Let h(q) = -11*q + 281. Determine h(26).
-5
Let q(a) = 88*a + 707. Determine q(-8).
3
Let b(g) = -450*g + 2626. What is b(6)?
-74
Let x(u) = u**3 + 11*u**2 + 19*u + 17. Determine x(-10).
-73
Let q(c) = -3*c**2 + 279*c + 5211. Determine q(109).
-21
Let v(a) = -3*a**3 - 4*a**2 - 6*a + 5. What is v(-4)?
157
Let l(w) = 13*w + 86. Give l(-11).
-57
Let k(m) = m**3 - m**2 - 18*m - 210. Give k(0).
-210
Let o(f) = -3*f**3 - 114*f**2 + 5*f + 165. Determine o(-38).
-25
Let m(c) = -3*c**3 - 26*c**2 + 49*c + 1. Give m(2).
-29
Let d(g) = -535*g - 7494. Calculate d(-14).
-4
Let j(y) = 40*y - 612. Calculate j(15).
-12
Let b(v) = -2*v - 10. What is b(-107)?
204
Let t(g) = 3*g**2 - 94*g + 184. What is t(2)?
8
Let i(u) = 5*u**2 - 11*u + 8. What is i(3)?
20
Let v(u) = -108*u + 4417. Determine v(41).
-11
Let g(l) = 35*l**2 - 11*l - 11. What is g(-1)?
35
Let z(i) = -i**3 + 15*i**2 - 87*i + 777. Calculate z(13).
-16
Let i(a) = 3*a**3 - 46*a**2 - 26*a - 99. Give i(16).
-3
Let l(p) = -p**3 - 6*p**2 - 19*p - 38. Determine l(-6).
76
Let z(a) = -2*a**2 - 16*a + 23. Give z(-12).
-73
Let n(c) = -1065*c**3 + 3*c + 4. Determine n(-1).
1066
Let o(k) = 35*k - 239. What is o(7)?
6
Let m(c) = -c**3 + 6*c**2 - 3*c - 21. Give m(5).
-11
Let g(a) = -10*a + 132. Calculate g(-14).
272
Let y(c) = -3*c**3 + 41*c**2 + 16*c + 1. Calculate y(14).
29
Let v(j) = -j**3 - 69*j**2 + 217*j + 65. Determine v(-72).
-7
Let c(i) = -3*i**3 + 94*i**2 - 36*i + 134. What is c(31)?
-21
Let w(m) = -14*m**2 + 176*m + 76. Calculate w(13).
-2
Let n(t) = -16*t**3 - 18*t**2. Determine n(-2).
56
Let f(h) = -179*h**2 - 4*h + 1. Determine f(1).
-182
Let m(f) = -3*f**2 + 61*f + 17. Calculate m(20).
37
Let i(w) = w**2 - 3*w - 26. Calculate i(15).
154
Let r(q) = q**2 - 20*q - 131. Give r(-7).
58
Let r(o) = o**3 + 36*o**2 + 108*o - 162. What is r(-33)?
-459
Let l(w) = -7*w + 124. Calculate l(4).
96
Let c(h) = 2*h**2 + 394*h + 2213. Give c(-6).
-79
Let i(t) = 4*t**3 - 10*t**2 + 41*t - 63. Calculate i(2).
11
Let i(x) = -x**3 + 42*x**2 + 44*x - 80. What is i(43)?
-37
Let g(r) = -466*r + 2298. What is g(5)?
-32
Let i(q) = 128*q - 3973. Determine i(31).
-5
Let l(k) = k**3 + 12*k**2 - 3*k - 43. Calculate l(-12).
-7
Let l(j) = -3*j + 115. Calculate l(-24).
187
Let y(x) = 2*x - 279. Calculate y(108).
-63
Let g(v) = -v**2 - 805*v + 20770. Give g(25).
20
Let c(b) = -5*b - 196. Determine c(-43).
19
Let c(m) = -m**3 + 6*m**2 + 140*m - 925. Give c(8).
67
Let t(m) = 4017*m + 16058. Determine t(-4).
-10
Let m(c) = 3*c**3 + 2*c**2 + 4*c - 7. Give m(2).
33
Let o(b) = 298*b - 593. What is o(2)?
3
Let m(a) = -22951*a + 68848. Determine m(3).
-5
Let a(x) = 2396*x - 7193. Determine a(3).
-5
Let i(u) = -2886*u - 40399. What is i(-14)?
5
Let a(c) = -464*c + 1854. What is a(4)?
-2
Let p(u) = u**2 - 30*u + 154. Give p(28).
98
Let j(l) = -l**3 - 38*l**2 + 660*l + 45. Calculate j(13).
6
Let u(w) = w**2 - 14*w + 89. Determine u(12).
65
Let f(i) = i**3 + 187*i**2 + 16*i + 3013. Give f(-187).
21
Let q(p) = 57*p - 392. Calculate q(6).
-50
Let g(q) = 73*q + 26. Calculate g(0).
26
Let d(m) = 3*m**2 + 18*m - 102. What is d(-10)?
18
Let m(u) = -u**2 + 39*u - 358. Calculate m(15).
2
Let g(h) = 2*h**3 + 30*h**2 + 157*h + 53. Give g(-6).
-241
Let j(i) = -3*i**3 - 212*i**2 + 70*i - 92. Give j(-71).
-21
Let g(o) = 10*o + 248. What is g(-32)?
-72
Let m(q) = q**3 + q**2 + 12*q + 11. Give m(-3).
-43
Let t(w) = 2*w**3 + 40*w**2 - 3*w + 20. Calculate t(-20).
80
Let t(d) = -d**3 - 40*d**2 - 76*d + 11. Give t(-38).
11
Let q(c) = c**2 - 41*c - 118. Calculate q(44).
14
Let a(z) = -74*z - 823. What is a(-9)?
-157
Let n(h) = 12*h - 166. What is n(20)?
74
Let p(d) = -d**2 - 8166*d + 81772. Determine p(10).
12
Let d(v) = -85*v + 42. What is d(1)?
-43
Let p(h) = 296*h**2 - 14*h + 1. Give p(1).
283
Let n(l) = l**2 + 406*l - 4608. Determine n(11).
-21
Let v(t) = -t**3 - 128*t**2 + t + 138. What is v(-128)?
10
Let a(g) = -g + 67. What is a(-14)?
81
Let v(k) = -2*k**3 - 18*k**2 + 24*k + 185. Calculate v(-9).
-31
Let m(b) = -b**3 + 5*b**2 + 200*b + 74. Give m(17).
6
Let x(o) = -o**2 + 209*o - 3082. Calculate x(16).
6
Let j(u) = u**3 + 98*u**2 - 3522*u + 766. Calculate j(-126).
10
Let v(d) = 652*d + 5220. Give v(-8).
4
Let w(l) = -3*l**3 + 15*l**2 + 4*l + 24. What is w(5)?
44
Let p(m) = 11*m**2 + 179*m + 110. Determine p(-16).
62
Let o(a) = a**3 + 17*a**2 - 36*a + 494. What is o(-20)?
14
Let n(s) = -1052*s + 147. What is n(1)?
-905
Let o(p) = -p**3 - 14*p**2 + 37*p + 404. What is o(-5)?
-6
Let g(d) = 2*d**2 + 4*d - 407. Determine g(22).
649
Let x(u) = 79*u**2 - 6*u + 3. Determine x(1).
76
Let a(u) = -26*u + 77. Give a(-7).
259
Let r(i) = i**2 + 2414*i + 12037. What is r(-5)?
-8
Let i(b) 